{"id":185,"date":"2025-12-18T17:06:56","date_gmt":"2025-12-18T17:06:56","guid":{"rendered":"https:\/\/kotimaamarket.fi\/?page_id=185"},"modified":"2025-12-18T17:08:05","modified_gmt":"2025-12-18T17:08:05","slug":"metsanhoito-keski-suomi","status":"publish","type":"page","link":"https:\/\/kotimaamarket.fi\/index.php\/maakunnat\/keski-suomi\/palvelut-keski-suomi\/metsanhoito-keski-suomi\/","title":{"rendered":"Mets\u00e4nhoito Keski-Suomi"},"content":{"rendered":"\n<p><strong>Jyv\u00e4skyl\u00e4n Arboristipalvelu Oy<\/strong><br>Arboristi- ja metsuri- sek\u00e4 puunhoitopalvelut Jyv\u00e4skyl\u00e4n ja Keski-Suomen alueella, puunkaatoa ja mets\u00e4nhoitoa ammattitaidolla. <a href=\"https:\/\/arboristipalvelu.fi\/?utm_source=chatgpt.com\" target=\"_blank\" rel=\"noreferrer noopener\">arboristipalvelu.fi<\/a><\/p>\n\n\n\n<p><strong>Mets\u00e4kuutio Oy<\/strong><br>Puunkaato, puunkorjuu, mets\u00e4nhoitoty\u00f6t ja ongelmapuiden kaadot koko Keski-Suomen alueella.  <a href=\"https:\/\/metsakuutio.fi\/\">https:\/\/metsakuutio.fi\/<\/a><\/p>\n\n\n\n<p><strong>Metsuri\u2011 Ja Arboristipalvelu J. Tervala<\/strong><br>Puunkaato, puunhoito, mets\u00e4t\u00f6it\u00e4 ja arboristipalveluja Kuhmoisten alueella. <a href=\"http:\/\/metsurijaarboristi.fi\/\">http:\/\/metsurijaarboristi.fi\/<\/a><\/p>\n\n\n\n<p><strong>Metsuripalvelut Tmi ForestHero<\/strong><br>Metsuripalvelut ja mets\u00e4nhoito Laukaan ymp\u00e4rist\u00f6ss\u00e4.<\/p>\n\n\n\n<p><strong>Jyv\u00e4skyl\u00e4n Puunkaato<\/strong><br>Palvelut: puunkaato ja paikalliset metsuri-ty\u00f6t Jyv\u00e4skyl\u00e4n alueella. <a href=\"http:\/\/www.xn--jyvskylnpuunkaato-sqbe.fi\/\">http:\/\/www.xn--jyvskylnpuunkaato-sqbe.fi\/<\/a><\/p>\n\n\n\n<p><strong>Mets\u00e4nter\u00e4<\/strong><br>Metsuri- ja puunkaatopalvelut Jyv\u00e4skyl\u00e4ss\u00e4. <a href=\"http:\/\/metsantera.fi\/\">http:\/\/metsantera.fi\/<\/a><\/p>\n\n\n\n<p><strong>Pet\u00e4j\u00e4veden Mets\u00e4ty\u00f6 Oy<\/strong><br>Mets\u00e4n raivaus- ja moottorisahat\u00f6it\u00e4 sek\u00e4 pihapuiden kaatoa Keski-Suomessa. <a href=\"https:\/\/www.pvmt.fi\/\">https:\/\/www.pvmt.fi\/<\/a><\/p>\n\n\n\n<p><\/p>\n","protected":false},"excerpt":{"rendered":"<p>Jyv\u00e4skyl\u00e4n Arboristipalvelu OyArboristi- ja metsuri- sek\u00e4 puunhoitopalvelut Jyv\u00e4skyl\u00e4n ja Keski-Suomen alueella, puunkaatoa ja mets\u00e4nhoitoa ammattitaidolla. arboristipalvelu.fi Mets\u00e4kuutio OyPuunkaato, puunkorjuu, mets\u00e4nhoitoty\u00f6t ja ongelmapuiden kaadot koko Keski-Suomen alueella. https:\/\/metsakuutio.fi\/ Metsuri\u2011 Ja Arboristipalvelu<\/p>\n","protected":false},"author":1,"featured_media":0,"parent":89,"menu_order":0,"comment_status":"closed","ping_status":"closed","template":"","meta":{"_kadence_starter_templates_imported_post":false,"footnotes":""},"class_list":{"1":"page","2":"type-page","3":"status-publish","4":"hentry"},"_links":{"self":[{"href":"https:\/\/kotimaamarket.fi\/index.php\/wp-json\/wp\/v2\/pages\/185","targetHints":{"allow":["GET"]}}],"collection":[{"href":"https:\/\/kotimaamarket.fi\/index.php\/wp-json\/wp\/v2\/pages"}],"about":[{"href":"https:\/\/kotimaamarket.fi\/index.php\/wp-json\/wp\/v2\/types\/page"}],"author":[{"embeddable":true,"href":"https:\/\/kotimaamarket.fi\/index.php\/wp-json\/wp\/v2\/users\/1"}],"replies":[{"embeddable":true,"href":"https:\/\/kotimaamarket.fi\/index.php\/wp-json\/wp\/v2\/comments?post=185"}],"version-history":[{"count":2,"href":"https:\/\/kotimaamarket.fi\/index.php\/wp-json\/wp\/v2\/pages\/185\/revisions"}],"predecessor-version":[{"id":187,"href":"https:\/\/kotimaamarket.fi\/index.php\/wp-json\/wp\/v2\/pages\/185\/revisions\/187"}],"up":[{"embeddable":true,"href":"https:\/\/kotimaamarket.fi\/index.php\/wp-json\/wp\/v2\/pages\/89"}],"wp:attachment":[{"href":"https:\/\/kotimaamarket.fi\/index.php\/wp-json\/wp\/v2\/media?parent=185"}],"curies":[{"name":"wp","href":"https:\/\/api.w.org\/{rel}","templated":true}]}}