{"id":264,"date":"2025-12-19T18:34:10","date_gmt":"2025-12-19T18:34:10","guid":{"rendered":"https:\/\/kotimaamarket.fi\/?page_id=264"},"modified":"2025-12-27T17:11:09","modified_gmt":"2025-12-27T17:11:09","slug":"tavarankuljetuspalvelut","status":"publish","type":"page","link":"https:\/\/kotimaamarket.fi\/index.php\/maakunnat\/keski-suomi\/palvelut-keski-suomi\/logistiikkapalvelut-keski-suomi\/tavarankuljetuspalvelut\/","title":{"rendered":"Tavarankuljetuspalvelut Keski-Suomi"},"content":{"rendered":"\n<div class=\"wp-block-group is-vertical is-layout-flex wp-container-core-group-is-layout-8cf370e7 wp-block-group-is-layout-flex\">\n<h4 class=\"wp-block-heading\"><strong>Kuljetus Hiironen<\/strong><\/h4>\n\n\n\n<p><strong>Palvelut:<\/strong> Pakettiautokuljetukset<br><strong>Paikkakunta:<\/strong> Jyv\u00e4skyl\u00e4, Keski-Suomi<br><strong>Nettisivut:<\/strong> <a href=\"https:\/\/www.kuljetushiironen.fi\/\">https:\/\/www.kuljetushiironen.fi\/<\/a><\/p>\n<\/div>\n\n\n\n<div class=\"wp-block-group is-vertical is-layout-flex wp-container-core-group-is-layout-8cf370e7 wp-block-group-is-layout-flex\">\n<h4 class=\"wp-block-heading\"><strong>Keski-Suomen Kuljetus Oy<\/strong><\/h4>\n\n\n\n<p><strong>Palvelut:<\/strong> Tavarankuljetukset, logistiikka ja terminaalipalvelut.<br><strong>Paikkakunta:<\/strong> Jyv\u00e4skyl\u00e4<br><strong>Nettisivut:<\/strong> <a href=\"https:\/\/www.ksk.fi?utm_source=chatgpt.com\">https:\/\/www.ksk.fi<\/a><\/p>\n<\/div>\n\n\n\n<div class=\"wp-block-group is-vertical is-layout-flex wp-container-core-group-is-layout-8cf370e7 wp-block-group-is-layout-flex\">\n<h4 class=\"wp-block-heading\"><strong>Karjalaisen Rahti Oy<\/strong><\/h4>\n\n\n\n<p><strong>Palvelut:<\/strong> Jakelu-, terminaali-, bulk- ja erikoiskuljetukset sek\u00e4 nosturity\u00f6t.<br><strong>Paikkakunta:<\/strong> Jyv\u00e4skyl\u00e4<br><strong>Nettisivut:<\/strong> <a href=\"https:\/\/karjalaisen.fi\">https:\/\/karjalaisen.fi<\/a><\/p>\n<\/div>\n\n\n\n<div class=\"wp-block-group is-vertical is-layout-flex wp-container-core-group-is-layout-8cf370e7 wp-block-group-is-layout-flex\">\n<h4 class=\"wp-block-heading\"><strong>014-Kuljetus Oy<\/strong><\/h4>\n\n\n\n<p><strong>Palvelut:<\/strong> Paikalliset ja alueelliset tavara- ja jakelukuljetukset.<br><strong>Paikkakunta:<\/strong> Jyv\u00e4skyl\u00e4<br><strong>Nettisivut:<\/strong> <a href=\"http:\/\/www.014-kuljetus.fi\" data-type=\"link\" data-id=\"http:\/\/www.014-kuljetus.fi\">http:\/\/www.014-kuljetus.fi<\/a><\/p>\n<\/div>\n\n\n\n<div class=\"wp-block-group is-vertical is-layout-flex wp-container-core-group-is-layout-8cf370e7 wp-block-group-is-layout-flex\">\n<h4 class=\"wp-block-heading\"><strong>Kuljetusliike Risto Jylh\u00e4 Oy<\/strong><\/h4>\n\n\n\n<p><strong>Palvelut:<\/strong> Kylm\u00e4- ja pakastekuljetukset, l\u00e4mp\u00f6s\u00e4\u00e4dellyt kuljetukset ja tavarankuljetukset.<br><strong>Paikkakunta:<\/strong> Jyv\u00e4skyl\u00e4<br><strong>Nettisivut:<\/strong> <a href=\"http:\/\/www.ristojylha.fi\" data-type=\"link\" data-id=\"http:\/\/www.ristojylha.fi\">http:\/\/www.ristojylha.fi<\/a><\/p>\n<\/div>\n\n\n\n<div class=\"wp-block-group is-vertical is-layout-flex wp-container-core-group-is-layout-8cf370e7 wp-block-group-is-layout-flex\">\n<h4 class=\"wp-block-heading\"><strong>Kuljetus Timo Pyykk\u00f6<\/strong><\/h4>\n\n\n\n<p><strong>Palvelut:<\/strong> Tavarankuljetukset ja paikallislogistiikka.<br><strong>Paikkakunta:<\/strong> Jyv\u00e4skyl\u00e4<br><strong>Nettisivut:<\/strong> <a href=\"https:\/\/pns.fi\/kuljetus-timo-pyykko\/\">https:\/\/pns.fi\/kuljetus-timo-pyykko\/<\/a><\/p>\n<\/div>\n\n\n\n<div class=\"wp-block-group is-vertical is-layout-flex wp-container-core-group-is-layout-8cf370e7 wp-block-group-is-layout-flex\">\n<h4 class=\"wp-block-heading\"><strong>Keuruun Kuljetus Oy<\/strong><\/h4>\n\n\n\n<p><strong>Palvelut:<\/strong> Tavarankuljetukset ja logistiikkapalvelut.<br><strong>Paikkakunta:<\/strong> Keuruu<br><strong>Nettisivut:<\/strong> <a href=\"https:\/\/pns.fi\/keuruun-kuljetus\/\">https:\/\/pns.fi\/keuruun-kuljetus\/<\/a><\/p>\n<\/div>\n\n\n\n<div class=\"wp-block-group is-vertical is-layout-flex wp-container-core-group-is-layout-8cf370e7 wp-block-group-is-layout-flex\">\n<h4 class=\"wp-block-heading\"><strong>Kuljetus Mantsinen Oy<\/strong><\/h4>\n\n\n\n<p><strong>Palvelut:<\/strong> Tavarankuljetukset ja logistiikkapalvelut.<br><strong>Paikkakunta:<\/strong> Pet\u00e4j\u00e4vesi<br><strong>Nettisivut:<\/strong> Ei omia nettisivuja. <a href=\"https:\/\/tietopalvelu.ytj.fi\/yritys\/2757708-8\">https:\/\/tietopalvelu.ytj.fi\/yritys\/2757708-8<\/a><\/p>\n<\/div>\n\n\n\n<div class=\"wp-block-group is-vertical is-layout-flex wp-container-core-group-is-layout-8cf370e7 wp-block-group-is-layout-flex\">\n<h4 class=\"wp-block-heading\"><strong>Kuljetus A. Lehti Oy<\/strong><\/h4>\n\n\n\n<p><strong>Palvelut:<\/strong> Puukuljetukset.<br><strong>Paikkakunta:<\/strong> J\u00e4ms\u00e4<br><strong>Nettisivut:<\/strong> <a href=\"https:\/\/www.kuljetusalehti.fi\/\">https:\/\/www.kuljetusalehti.fi\/<\/a><\/p>\n<\/div>\n\n\n\n<div class=\"wp-block-group is-vertical is-layout-flex wp-container-core-group-is-layout-8cf370e7 wp-block-group-is-layout-flex\">\n<h4 class=\"wp-block-heading\"><strong>Kuljetus Samuli Martikainen<\/strong><\/h4>\n\n\n\n<p><strong>Palvelut:<\/strong> Nostokuljetukset, pakettiautokuljetukset.<br><strong>Paikkakunta:<\/strong> Jyv\u00e4skyl\u00e4<br><strong>Nettisivut:<\/strong> <a href=\"https:\/\/www.kuljetusmartikainen.fi\/\" data-type=\"link\" data-id=\"https:\/\/www.kuljetusmartikainen.fi\/\">https:\/\/www.kuljetusmartikainen.fi\/<\/a><\/p>\n<\/div>\n\n\n\n<div class=\"wp-block-group is-vertical is-layout-flex wp-container-core-group-is-layout-8cf370e7 wp-block-group-is-layout-flex\">\n<h4 class=\"wp-block-heading\"><strong>Kuljetusliike Rahikkala Oy<\/strong><\/h4>\n\n\n\n<p><strong>Palvelut:<\/strong> Nostokuljetukset, konepalvelut, vaihtolava- ja v\u00e4livarastointipalvelut sek\u00e4 tavarankuljetukset.<br><strong>Paikkakunta:<\/strong> Jyv\u00e4skyl\u00e4<br><strong>Nettisivut:<\/strong> <a href=\"https:\/\/rahikkala.fi\/?utm_source=chatgpt.com\">https:\/\/rahikkala.fi\/<\/a><\/p>\n<\/div>\n\n\n\n<div class=\"wp-block-group is-vertical is-layout-flex wp-container-core-group-is-layout-8cf370e7 wp-block-group-is-layout-flex\">\n<h4 class=\"wp-block-heading\"><strong>Kuljetuspalvelu Vesa Melgin \/ Kuljetusmies<\/strong><\/h4>\n\n\n\n<p><strong>Palvelut:<\/strong> Yleiskuljetuspalvelut ja kierr\u00e4tyspalvelut (tavarankuljetukset).<br><strong>Paikkakunta:<\/strong> Uurainen<br><strong>Nettisivut:<\/strong> <a href=\"https:\/\/kuljetusmies.fi\/\">https:\/\/kuljetusmies.fi\/<\/a><\/p>\n<\/div>\n\n\n\n<div class=\"wp-block-group is-vertical is-layout-flex wp-container-core-group-is-layout-8cf370e7 wp-block-group-is-layout-flex\">\n<h4 class=\"wp-block-heading\"><strong>Kuljetus Jaakko H\u00e4m\u00e4l\u00e4inen<\/strong><\/h4>\n\n\n\n<p><strong>Palvelut:<\/strong> Tavarankuljetukset ja paikallinen kuljetustoiminta.<br><strong>Paikkakunta:<\/strong> Pihtipudas<br><strong>Nettisivut:<\/strong> Ei omia nettisivuja<\/p>\n<\/div>\n\n\n\n<div class=\"wp-block-group is-vertical is-layout-flex wp-container-core-group-is-layout-8cf370e7 wp-block-group-is-layout-flex\">\n<h4 class=\"wp-block-heading\"><strong>Kuljetusliike Ahonen &amp; Kontro Oy<\/strong><\/h4>\n\n\n\n<p><strong>Palvelut:<\/strong> Tavara- ja kappaletavarakuljetukset.<br><strong>Paikkakunta:<\/strong> Laukaa<br><strong>Nettisivut:<\/strong> Ei omia nettisivuja. <a href=\"https:\/\/tietopalvelu.ytj.fi\/yritys\/2131095-6\">https:\/\/tietopalvelu.ytj.fi\/yritys\/2131095-6<\/a><\/p>\n<\/div>\n\n\n\n<div class=\"wp-block-group is-vertical is-layout-flex wp-container-core-group-is-layout-8cf370e7 wp-block-group-is-layout-flex\">\n<h4 class=\"wp-block-heading\"><strong>Kuljetusliike Ala-Ilom\u00e4ki Ky<\/strong><\/h4>\n\n\n\n<p><strong>Palvelut:<\/strong> Tavarankuljetukset ja logistiikkapalvelut.<br><strong>Paikkakunta:<\/strong> Jyv\u00e4skyl\u00e4<br><strong>Nettisivut:<\/strong> Ei omia nettisivuja. <a href=\"https:\/\/tietopalvelu.ytj.fi\/yritys\/0757351-4\">https:\/\/tietopalvelu.ytj.fi\/yritys\/0757351-4<\/a><\/p>\n<\/div>\n\n\n\n<div class=\"wp-block-group is-vertical is-layout-flex wp-container-core-group-is-layout-8cf370e7 wp-block-group-is-layout-flex\">\n<h4 class=\"wp-block-heading\"><strong>Kuljetusliike Ari Koskinen Ky<\/strong><\/h4>\n\n\n\n<p><strong>Palvelut:<\/strong> Tavarankuljetukset ja kuljetuspalvelut.<br><strong>Paikkakunta:<\/strong> Saarij\u00e4rvi<br><strong>Nettisivut:<\/strong> Ei omia nettisivuja. <a href=\"https:\/\/tietopalvelu.ytj.fi\/yritys\/1041542-9\">https:\/\/tietopalvelu.ytj.fi\/yritys\/1041542-9<\/a><\/p>\n<\/div>\n\n\n\n<div class=\"wp-block-group is-vertical is-layout-flex wp-container-core-group-is-layout-8cf370e7 wp-block-group-is-layout-flex\">\n<h4 class=\"wp-block-heading\"><strong>Kuljetusliike Ari Ruuska Oy<\/strong><\/h4>\n\n\n\n<p><strong>Palvelut:<\/strong> Tavarankuljetukset ja sopimusajot.<br><strong>Paikkakunta:<\/strong> Saarij\u00e4rvi<br><strong>Nettisivut:<\/strong> Ei omia nettisivuja. <a href=\"https:\/\/tietopalvelu.ytj.fi\/yritys\/3235780-5\">https:\/\/tietopalvelu.ytj.fi\/yritys\/3235780-5<\/a><\/p>\n<\/div>\n\n\n\n<div class=\"wp-block-group is-vertical is-layout-flex wp-container-core-group-is-layout-8cf370e7 wp-block-group-is-layout-flex\">\n<h4 class=\"wp-block-heading\"><strong>Kuljetusliike Koskinen Oy<\/strong><\/h4>\n\n\n\n<p><strong>Palvelut:<\/strong> Tavara- ja kappaletavarakuljetukset.<br><strong>Paikkakunta:<\/strong> \u00c4\u00e4nekoski<br><strong>Nettisivut:<\/strong> Ei omia nettisivuja. <a href=\"https:\/\/tietopalvelu.ytj.fi\/yritys\/3310858-7\">https:\/\/tietopalvelu.ytj.fi\/yritys\/3310858-7<\/a><\/p>\n<\/div>\n\n\n\n<div class=\"wp-block-group is-vertical is-layout-flex wp-container-core-group-is-layout-8cf370e7 wp-block-group-is-layout-flex\">\n<h4 class=\"wp-block-heading\"><strong>Kuljetusapu Kimmo Taipale Oy<\/strong><\/h4>\n\n\n\n<p><strong>Palvelut:<\/strong> Kuljetuspalvelut<br><strong>Paikkakunta:<\/strong> Jyv\u00e4skyl\u00e4<br><strong>Nettisivut:<\/strong> <a href=\"https:\/\/kuljetusjyvaskyla.fi\/\">https:\/\/kuljetusjyvaskyla.fi\/<\/a><\/p>\n<\/div>\n\n\n\n<p><\/p>\n","protected":false},"excerpt":{"rendered":"<p>Kuljetus Hiironen Palvelut: PakettiautokuljetuksetPaikkakunta: Jyv\u00e4skyl\u00e4, Keski-SuomiNettisivut: https:\/\/www.kuljetushiironen.fi\/ Keski-Suomen Kuljetus Oy Palvelut: Tavarankuljetukset, logistiikka ja terminaalipalvelut.Paikkakunta: Jyv\u00e4skyl\u00e4Nettisivut: https:\/\/www.ksk.fi Karjalaisen Rahti Oy Palvelut: Jakelu-, terminaali-, bulk- ja erikoiskuljetukset sek\u00e4 nosturity\u00f6t.Paikkakunta: Jyv\u00e4skyl\u00e4Nettisivut: https:\/\/karjalaisen.fi<\/p>\n","protected":false},"author":1,"featured_media":0,"parent":240,"menu_order":0,"comment_status":"closed","ping_status":"closed","template":"","meta":{"_kadence_starter_templates_imported_post":false,"footnotes":""},"class_list":{"1":"page","2":"type-page","3":"status-publish","4":"hentry"},"_links":{"self":[{"href":"https:\/\/kotimaamarket.fi\/index.php\/wp-json\/wp\/v2\/pages\/264","targetHints":{"allow":["GET"]}}],"collection":[{"href":"https:\/\/kotimaamarket.fi\/index.php\/wp-json\/wp\/v2\/pages"}],"about":[{"href":"https:\/\/kotimaamarket.fi\/index.php\/wp-json\/wp\/v2\/types\/page"}],"author":[{"embeddable":true,"href":"https:\/\/kotimaamarket.fi\/index.php\/wp-json\/wp\/v2\/users\/1"}],"replies":[{"embeddable":true,"href":"https:\/\/kotimaamarket.fi\/index.php\/wp-json\/wp\/v2\/comments?post=264"}],"version-history":[{"count":12,"href":"https:\/\/kotimaamarket.fi\/index.php\/wp-json\/wp\/v2\/pages\/264\/revisions"}],"predecessor-version":[{"id":453,"href":"https:\/\/kotimaamarket.fi\/index.php\/wp-json\/wp\/v2\/pages\/264\/revisions\/453"}],"up":[{"embeddable":true,"href":"https:\/\/kotimaamarket.fi\/index.php\/wp-json\/wp\/v2\/pages\/240"}],"wp:attachment":[{"href":"https:\/\/kotimaamarket.fi\/index.php\/wp-json\/wp\/v2\/media?parent=264"}],"curies":[{"name":"wp","href":"https:\/\/api.w.org\/{rel}","templated":true}]}}