{"id":405,"date":"2025-12-20T21:34:37","date_gmt":"2025-12-20T21:34:37","guid":{"rendered":"https:\/\/kotimaamarket.fi\/?page_id=405"},"modified":"2025-12-27T16:10:36","modified_gmt":"2025-12-27T16:10:36","slug":"ompelimot-keski-suomi","status":"publish","type":"page","link":"https:\/\/kotimaamarket.fi\/index.php\/maakunnat\/keski-suomi\/palvelut-keski-suomi\/ompelimot-keski-suomi\/","title":{"rendered":"Ompelimot Keski-Suomi"},"content":{"rendered":"\n<p><strong>Ompelimo Atelj\u00e9 Iina<\/strong><br><strong>Palvelut:<\/strong> H\u00e4\u00e4- ja juhla-asujen mittatilaus, juhla-asun muokkaukset ja sovitukset.<br><strong>Paikkakunta:<\/strong> Jyv\u00e4skyl\u00e4<br><strong>Nettisivut:<\/strong> <a href=\"https:\/\/www.ompelimo.fi\/\" data-type=\"link\" data-id=\"https:\/\/www.ompelimo.fi\/\">https:\/\/www.ompelimo.fi\/<\/a><\/p>\n\n\n\n<p><strong>Ompelimo Marnikki Annikki &amp; Marjatta Viherlehto<\/strong><br><strong>Palvelut:<\/strong> Tilausompelu, korjausompelu (lyhennykset, kavennukset, vetoketjut jne.).<br><strong>Paikkakunta:<\/strong> Jyv\u00e4skyl\u00e4<br><strong>Nettisivut:<\/strong> <a href=\"http:\/\/www.ompelimomarnikki.com\/\" data-type=\"link\" data-id=\"http:\/\/www.ompelimomarnikki.com\/\">http:\/\/www.ompelimomarnikki.com\/<\/a><\/p>\n\n\n\n<p><strong>Ompelimo Tasosauma<\/strong><br><strong>Palvelut:<\/strong> Vaatteiden korjausompelu ja muokkaukset (lahkeiden lyhennykset, vetoketjut, juhla-asut).<br><strong>Paikkakunta:<\/strong> Jyv\u00e4skyl\u00e4<br><strong>Nettisivut:<\/strong> <a href=\"https:\/\/tasosauma.fi\/?utm_source=chatgpt.com\">https:\/\/tasosauma.fi\/<\/a><\/p>\n\n\n\n<p><strong>Ompelimo Vain Me<\/strong><br><strong>Palvelut:<\/strong> H\u00e4\u00e4- ja juhla-asuompelu, mittatilausty\u00f6t.<br><strong>Paikkakunta:<\/strong> Jyv\u00e4skyl\u00e4<br><strong>Nettisivut:<\/strong> <a href=\"https:\/\/www.vainme.fi\/\">https:\/\/www.vainme.fi\/<\/a><\/p>\n\n\n\n<p><strong>Ompelupalvelu Pia Koivisto<\/strong><br><strong>Palvelut:<\/strong> Mittatilaus- ja korjausompelu, vaatteet ja kodintekstiilit.<br><strong>Paikkakunta:<\/strong> Jyv\u00e4skyl\u00e4<br><strong>Nettisivut:<\/strong> <a href=\"http:\/\/www.ompelupalvelu.com\/\" data-type=\"link\" data-id=\"http:\/\/www.ompelupalvelu.com\/\">http:\/\/www.ompelupalvelu.com\/<\/a><\/p>\n\n\n\n<p><strong>Studio Sonetti<\/strong><br><strong>Palvelut:<\/strong> Ompelupalvelut ja vaatetusompelu (monipuoliset vaatepalvelut).<br><strong>Paikkakunta:<\/strong> Jyv\u00e4skyl\u00e4<br><strong>Nettisivut:<\/strong> <a href=\"http:\/\/www.studiosonetti.com\/\" data-type=\"link\" data-id=\"http:\/\/www.studiosonetti.com\/\">http:\/\/www.studiosonetti.com\/<\/a><\/p>\n\n\n\n<p><strong>T:MI Ompelupalvelu W. Laakkonen<\/strong><br><strong>Palvelut:<\/strong> Korjausompelu ja vaatetusty\u00f6t.<br><strong>Paikkakunta:<\/strong> Jyv\u00e4skyl\u00e4<br><strong>Nettisivut:<\/strong> Ei omia nettisivuja. <a href=\"https:\/\/tietopalvelu.ytj.fi\/yritys\/1967837-2\">https:\/\/tietopalvelu.ytj.fi\/yritys\/1967837-2<\/a><\/p>\n\n\n\n<p><strong>Ompelimo\/myym\u00e4l\u00e4 Farkkusauma<\/strong><br><strong>Palvelut:<\/strong> Vaatteiden korjaukset ja denim-tuunaukset, ompelupalvelut ja kangasvalikoima.<br><strong>Paikkakunta:<\/strong> Jyv\u00e4skyl\u00e4<br><strong>Nettisivut:<\/strong> <a href=\"http:\/\/www.farkkusauma.fi\/\" data-type=\"link\" data-id=\"http:\/\/www.farkkusauma.fi\/\">http:\/\/www.farkkusauma.fi\/<\/a><\/p>\n\n\n\n<p><strong>Ompelimo Ateljee Uusitalo<\/strong><br><strong>Palvelut:<\/strong> Ompelu- ja korjauspalvelut (mm. vaatteet ja mittatilaus).<br><strong>Paikkakunta:<\/strong> Jyv\u00e4skyl\u00e4<br><strong>Nettisivut:<\/strong> <a href=\"http:\/\/ateljeeuusitalo.fi\/\" data-type=\"link\" data-id=\"http:\/\/ateljeeuusitalo.fi\/\">http:\/\/ateljeeuusitalo.fi\/<\/a><\/p>\n\n\n\n<p><strong>Vaatturi\/Ompelija Jenni Ranta<\/strong><br><strong>Palvelut:<\/strong> Vaatekorjaukset ja muokkaukset.<br><strong>Paikkakunta:<\/strong> Jyv\u00e4skyl\u00e4<br><strong>Nettisivut:<\/strong> Ei omia nettisivuja. <a href=\"https:\/\/tietopalvelu.ytj.fi\/yritys\/2962666-4\">https:\/\/tietopalvelu.ytj.fi\/yritys\/2962666-4<\/a><\/p>\n\n\n\n<p><strong>Ompelu Tuula Lahtinen<\/strong><br><strong>Palvelut:<\/strong> Ompelupalvelut ja korjaukset.<br><strong>Paikkakunta:<\/strong> Jyv\u00e4skyl\u00e4<br><strong>Nettisivut:<\/strong> Ei omia nettisivuja. <a href=\"https:\/\/tietopalvelu.ytj.fi\/yritys\/1570231-2\">https:\/\/tietopalvelu.ytj.fi\/yritys\/1570231-2<\/a><\/p>\n\n\n\n<p><strong>Ompelimo Johanna Paatola<\/strong><br><strong>Palvelut:<\/strong> Mittatilausvaatteet ja korjausompelut (mm. juhlapuvut, asut).<br><strong>Paikkakunta:<\/strong> Jyv\u00e4skyl\u00e4<br><strong>Nettisivut:<\/strong> <a href=\"http:\/\/www.ompelimojohannapaatola.fi\/\">http:\/\/www.ompelimojohannapaatola.fi\/<\/a><\/p>\n\n\n\n<p><strong>Ompelimo Meitsin Couture<\/strong><br><strong>Palvelut:<\/strong> Mittatilausompelu ja vaatteiden valmistus ja korjaus.<br><strong>Paikkakunta:<\/strong> Jyv\u00e4skyl\u00e4<br><strong>Nettisivut:<\/strong> <a href=\"https:\/\/meitsincouture.wixsite.com\/meitsin-couture\">https:\/\/meitsincouture.wixsite.com\/meitsin-couture<\/a><\/p>\n\n\n\n<p><strong>Ompelimo Anu Rautanen<\/strong><br><strong>Palvelut:<\/strong> Ompelupalvelut ja muutosty\u00f6t.<br><strong>Paikkakunta:<\/strong> Jyv\u00e4skyl\u00e4<br><strong>Nettisivut:<\/strong> Ei omia nettisivuja. <a href=\"https:\/\/tietopalvelu.ytj.fi\/yritys\/2905958-3\">https:\/\/tietopalvelu.ytj.fi\/yritys\/2905958-3<\/a><\/p>\n","protected":false},"excerpt":{"rendered":"<p>Ompelimo Atelj\u00e9 IinaPalvelut: H\u00e4\u00e4- ja juhla-asujen mittatilaus, juhla-asun muokkaukset ja sovitukset.Paikkakunta: Jyv\u00e4skyl\u00e4Nettisivut: https:\/\/www.ompelimo.fi\/ Ompelimo Marnikki Annikki &amp; Marjatta ViherlehtoPalvelut: Tilausompelu, korjausompelu (lyhennykset, kavennukset, vetoketjut jne.).Paikkakunta: Jyv\u00e4skyl\u00e4Nettisivut: http:\/\/www.ompelimomarnikki.com\/ Ompelimo TasosaumaPalvelut: Vaatteiden<\/p>\n","protected":false},"author":1,"featured_media":0,"parent":89,"menu_order":0,"comment_status":"closed","ping_status":"closed","template":"","meta":{"_kadence_starter_templates_imported_post":false,"footnotes":""},"class_list":{"1":"page","2":"type-page","3":"status-publish","4":"hentry"},"_links":{"self":[{"href":"https:\/\/kotimaamarket.fi\/index.php\/wp-json\/wp\/v2\/pages\/405","targetHints":{"allow":["GET"]}}],"collection":[{"href":"https:\/\/kotimaamarket.fi\/index.php\/wp-json\/wp\/v2\/pages"}],"about":[{"href":"https:\/\/kotimaamarket.fi\/index.php\/wp-json\/wp\/v2\/types\/page"}],"author":[{"embeddable":true,"href":"https:\/\/kotimaamarket.fi\/index.php\/wp-json\/wp\/v2\/users\/1"}],"replies":[{"embeddable":true,"href":"https:\/\/kotimaamarket.fi\/index.php\/wp-json\/wp\/v2\/comments?post=405"}],"version-history":[{"count":2,"href":"https:\/\/kotimaamarket.fi\/index.php\/wp-json\/wp\/v2\/pages\/405\/revisions"}],"predecessor-version":[{"id":441,"href":"https:\/\/kotimaamarket.fi\/index.php\/wp-json\/wp\/v2\/pages\/405\/revisions\/441"}],"up":[{"embeddable":true,"href":"https:\/\/kotimaamarket.fi\/index.php\/wp-json\/wp\/v2\/pages\/89"}],"wp:attachment":[{"href":"https:\/\/kotimaamarket.fi\/index.php\/wp-json\/wp\/v2\/media?parent=405"}],"curies":[{"name":"wp","href":"https:\/\/api.w.org\/{rel}","templated":true}]}}